actor of 908820?
True
Is 39314424 a multiple of 901?
False
Does 591 divide 100749222?
False
Is 67 a factor of 64825180?
True
Does 280 divide 3198095600?
True
Is 170583131 a multiple of 10?
False
Is 135998928 a multiple of 2162?
False
Is 17 a factor of 109006419?
False
Is 71489092 a multiple of 1630?
False
Is 95528160 a multiple of 1755?
True
Is 1825669274 a multiple of 13?
True
Does 287 divide 915010358?
False
Is 71 a factor of 20021929?
True
Does 95 divide 63784463?
False
Does 1848 divide 345009724?
False
Is 126912287 a multiple of 11?
False
Is 18206991 a multiple of 11?
True
Does 157 divide 749677041?
True
Is 479 a factor of 307823833?
False
Is 243277752 a multiple of 35?
False
Does 140 divide 61402340?
False
Does 9 divide 75361959?
True
Is 2452128 a multiple of 84?
True
Is 39 a factor of 105427359?
False
Is 233 a factor of 50763011?
True
Is 63 a factor of 383151093?
False
Does 1921 divide 31946230?
True
Is 10 a factor of 58802722?
False
Does 191 divide 561659759?
False
Is 12226425 a multiple of 6?
False
Is 1861106 even?
True
Does 17 divide 17570533?
False
Does 29 divide 1975074?
True
Is 22079824 a multiple of 304?
True
Is 6 a factor of 686358?
True
Is 3119870820 a multiple of 152?
False
Is 8245 a factor of 1164326583?
False
Is 64658774 a multiple of 194?
False
Does 23 divide 1190803122?
False
Is 87805509 a multiple of 2430?
False
Is 97 a factor of 18871586?
False
Does 7 divide 660993?
False
Does 860 divide 139184543?
False
Is 31 a factor of 1994200694?
False
Is 33 a factor of 393569607?
False
Is 12248127 a multiple of 12?
False
Is 12 a factor of 1687840176?
True
Is 8 a factor of 10903107?
False
Is 3212663076 a multiple of 12?
True
Does 49 divide 41319985?
True
Does 2769 divide 1713443031?
False
Does 80 divide 16058160?
True
Is 1279150968 a multiple of 488?
True
Does 280 divide 314674856?
False
Is 156 a factor of 238861896?
True
Is 6375 a factor of 686744015?
False
Is 1478 a factor of 20569266?
False
Is 32583870 a multiple of 90?
True
Does 8133 divide 1288315998?
True
Is 96 a factor of 89505127?
False
Is 1270724052 a multiple of 12?
True
Is 1464257 a multiple of 107?
False
Does 27 divide 130116915?
True
Does 12 divide 10661257?
False
Is 16 a factor of 11272105?
False
Is 48 a factor of 121197197?
False
Is 333 a factor of 304244971?
False
Does 4 divide 28309190?
False
Does 8 divide 2055518?
False
Is 206848322 a multiple of 6?
False
Is 2778 a factor of 103411050?
True
Is 19807833 a multiple of 1731?
True
Is 86717068 a multiple of 731?
True
Does 30 divide 8886328?
False
Does 13 divide 9519757?
True
Does 5 divide 817304764?
False
Is 803023632 a multiple of 1917?
True
Is 194 a factor of 44480514?
True
Does 2046 divide 270118807?
False
Does 3928 divide 1302579792?
True
Is 40796858 a multiple of 3?
False
Is 13 a factor of 177639328?
False
Is 941777470 a multiple of 31?
False
Does 1290 divide 298338300?
True
Is 29 a factor of 4317346?
True
Is 35 a factor of 27815141?
False
Is 1867 a factor of 1922914?
False
Does 17 divide 325543126?
False
Does 297 divide 2349270?
True
Is 56 a factor of 200919338?
False
Does 223 divide 891395813?
False
Is 906998638 a multiple of 239?
False
Is 2035 a factor of 124970014?
False
Is 116363946 a multiple of 34?
True
Does 16 divide 748279136?
True
Is 84 a factor of 3692294844?
True
Does 167 divide 868958615?
True
Is 113 a factor of 1161889504?
True
Does 196 divide 32752141?
False
Is 6713856 a multiple of 376?
True
Is 94376493 a multiple of 273?
False
Is 148734480 a multiple of 30?
True
Does 1180 divide 240557633?
False
Does 18 divide 26338163?
False
Is 63719426 a multiple of 1783?
False
Is 885 a factor of 8443785?
True
Does 3 divide 299784414?
True
Does 9 divide 171383850?
True
Does 5014 divide 224226080?
True
Is 209 a factor of 1103975896?
False
Does 7 divide 4779887?
True
Is 181282321 a multiple of 2213?
True
Is 47 a factor of 3015352398?
True
Is 608658408 a multiple of 18?
True
Does 2311 divide 21206797?
False
Does 38 divide 1784340046?
True
Is 22084720 a multiple of 632?
False
Does 747 divide 22959045?
True
Is 3311677084 a multiple of 29?
False
Is 543 a factor of 45361677?
True
Is 650022201 a multiple of 7285?
False
Is 15 a factor of 335985?
True
Does 1032 divide 11279140?
False
Does 144 divide 128184192?
True
Is 349861231 a multiple of 12?
False
Is 9 a factor of 58599927?
True
Does 228 divide 610857144?
True
Is 4174650000 a multiple of 25?
True
Is 11 a factor of 84773943?
False
Does 2498 divide 25507271?
False
Is 48729759 a multiple of 39?
True
Is 3 a factor of 806954276?
False
Does 22 divide 2961340638?
False
Is 5 a factor of 864906229?
False
Is 1572 a factor of 442390335?
False
Is 326398903 a multiple of 3?
False
Is 180 a factor of 3998880?
True
Is 6552 a factor of 243570600?
True
Does 283 divide 8304352?
True
Is 1814 a factor of 2429851186?
True
Is 32 a factor of 1252542048?
True
Is 838578312 a multiple of 2376?
True
Is 30 a factor of 29020110?
True
Is 271 a factor of 10968725?
True
Is 4354 a factor of 3345863723?
False
Is 13 a factor of 698200763?
True
Is 179 a factor of 13535980?
True
Does 7 divide 40472900?
False
Does 167 divide 164600377?
True
Does 91 divide 26203268?
True
Is 5 a factor of 126902468?
False
Is 742340304 a multiple of 4848?
True
Does 13 divide 115993080?
False
Is 55 a factor of 45912955?
True
Is 39 a factor of 1001412?
False
Does 534 divide 649000?
False
Is 43 a factor of 120164279?
False
Is 403228154 a multiple of 49?
True
Does 411 divide 1098906?
False
Is 573379450 a multiple of 330?
False
Does 1163 divide 479387437?
True
Is 44155062 a multiple of 63?
True
Is 1033461845 a multiple of 13?
True
Is 80986061 a multiple of 698?
False
Is 41 a factor of 26762729?
False
Is 33277420 a multiple of 242?
True
Is 238 a factor of 1520485?
False
Does 944 divide 51765184?
True
Is 3681546734 a multiple of 1798?
False
Is 1665602 a multiple of 274?
False
Is 4071204035 a multiple of 2515?
True
Is 115 a factor of 136589870?
True
Is 51 a factor of 308625493?
False
Does 58 divide 17405998?
False
Is 12264082 a multiple of 1273?
True
Is 527 a factor of 2957015801?
False
Does 44 divide 29808688?
False
Is 53 a factor of 581657911?
False
Is 442 a factor of 11103482?
True
Does 40 divide 2148446?
False
Is 119 a factor of 22130406?
False
Is 80263223 a multiple of 108?
False
Does 522 divide 1058278788?
True
Is 42750302 a multiple of 4?
False
Does 26 divide 50833105?
False
Is 235 a factor of 591250505?
False
Is 1336326842 a multiple of 1354?
False
Is 75265961 a multiple of 3?
False
Does 788 divide 1000555908?
True
Is 12 a factor of 93467584?
False
Is 49 a factor of 339129588?
True
Is 7738406 a multiple of 3?
False
Is 64785410 a multiple of 863?
True
Is 25521581 a multiple of 66?
False
Does 2379 divide 233837841?
False
Is 262 a factor of 195750156?
True
Is 14346744 a multiple of 52?
False
Does 4541 divide 433152367?
True
Is 189 a factor of 5471680?
False
Is 14 a factor of 19022122?
True
Is 501 a factor of 1983053190?
True
Is 29978919 a multiple of 4877?
True
Is 459156544 a multiple of 308?
True
Is 143 a factor of 4015440?
True
Is 647 a factor of 13778512?
True
Is 85 a factor of 157306602?
False
Is 2411770185 a multiple of 5703?
True
Does 4 divide 5566660?
True
Is 242268116 a multiple of 782?
False
Is 42 a factor of 49734083?
False
Is 159121551 a multiple of 12?
False
Does 11 divide 76990557?
False
Is 267 a factor of 3516415132?
False
Does 124 divide 48149200?
True
Is 11501035 a multiple of 1099?
True
Does 40 divide 33267455?
False
Is 1891008 a multiple of 336?
True
Is 2867 a factor of 424857863?
True
Does 12 divide 6728945?
False
Is 3 a factor of 800409?
True
Does 16 divide 2428582?
False
Is 12 a factor of 1244586821?
False
Is 2 a factor of 6882708?
True
Is 95 a factor of 19696396?
False
Is 22170300 a multiple of 25?
True
Is 15 a factor of 647871468?
False
Is 13250656 a multiple of 51?
False
Is 47 a factor of 52772634?
True
Is 1257 a factor of 40969878?
False
Does 5469 divide 272239194?
False
Is 306 a factor of 26525610?
True
Is 30815915 a multiple of 635?
True
Is 173 a factor of 107033024?
True
Is 44 a factor of 50222920?
True
Is 47849985 a multiple of 51?
True
Does 30 divide 2115379410?
True
Does 2596 divide 19028680?
True
Is 21856868 a multiple of 44?
True
Is 2974440 a multiple of 60?
True
Is 23205132 a multiple of 61?
T